{"id":33,"date":"2022-05-27T03:59:33","date_gmt":"2022-05-27T03:59:33","guid":{"rendered":"https:\/\/commerce.ohal.vn\/?page_id=33"},"modified":"2025-10-23T15:44:54","modified_gmt":"2025-10-23T08:44:54","slug":"doi-tra-hang","status":"publish","type":"page","link":"https:\/\/commerce.ohal.vn\/index.php\/chinh-sach\/doi-tra-hang\/","title":{"rendered":"\u0110\u1ed5i tr\u1ea3 h\u00e0ng"},"content":{"rendered":"\n<h2 class=\"wp-block-heading\"><strong>1. \u0110i\u1ec1u ki\u1ec7n \u0111\u1ed5i\/ tr\u1ea3 s\u1ea3n ph\u1ea9m:<\/strong><\/h2>\n\n\n\n<p><\/p>\n\n\n\n<ul class=\"wp-block-list\"><li>S\u1ea3n ph\u1ea9m g\u1eb7p c\u00e1c v\u1ea5n \u0111\u1ec1 v\u1ec1 ch\u1ea5t l\u01b0\u1ee3ng h\u01b0 h\u1ecfng.<\/li><li>S\u1ea3n ph\u1ea9m \u0111\u1ed5i h\u00e0ng ph\u1ea3i c\u00f2n m\u1edbi, nguy\u00ean v\u1eb9n, kh\u00f4ng b\u1ecb r\u00e1ch bao b\u00ec.<\/li><li>S\u1ea3n ph\u1ea9m ph\u1ea3i c\u00f2n \u0111\u1ea7y \u0111\u1ee7 tem, nh\u00e3n m\u00e1c, ho\u00e1 \u0111\u01a1n mua h\u00e0ng.<\/li><li>S\u1ea3n ph\u1ea9m \u0111\u1ed5i h\u00e0ng c\u00f2n trong th\u1eddi h\u1ea1n cho ph\u00e9p \u0111\u1ed5i tr\u1ea3.<\/li><li>\u00c1p d\u1ee5ng \u0111\u1ed1i v\u1edbi s\u1ea3n ph\u1ea9m mua h\u00e0ng online ( website, Facebook) v\u00e0 tr\u1ef1c ti\u1ebfp t\u1ea1i showroom, ch\u00fang t\u00f4i kh\u00f4ng h\u1ed7 tr\u1ee3 cho nh\u1eefng \u0111\u01a1n h\u00e0ng mua t\u1ea1i \u0111\u1ecba \u0111i\u1ec3m kh\u00e1c.<\/li><li>Kh\u00f4ng \u00e1p d\u1ee5ng \u0111\u1ed1i v\u1edbi s\u1ea3n ph\u1ea9m trong ch\u01b0\u01a1ng tr\u00ecnh khuy\u1ebfn m\u00e3i kh\u00e1c v\u00e0 s\u1ea3n ph\u1ea9m thanh l\u00fd.<\/li><li>Kh\u00e1ch h\u00e0ng ch\u1ec9 c\u00f3 th\u1ec3 tr\u1ea3 s\u1ea3n ph\u1ea9m v\u1edbi \u0111i\u1ec1u ki\u1ec7n OHAL kh\u00f4ng c\u00f3 s\u1ea3n ph\u1ea9m c\u00f9ng lo\u1ea1i kh\u00e1c thay th\u1ebf.<\/li><\/ul>\n\n\n\n<p><\/p>\n\n\n\n<h2 class=\"wp-block-heading\"><strong>2. Th\u1eddi h\u1ea1n \u0111\u1ed5i\/ tr\u1ea3 s\u1ea3n ph\u1ea9m:<\/strong><\/h2>\n\n\n\n<ul class=\"wp-block-list\"><li><strong><em>Th\u1eddi h\u1ea1n \u0111\u1ed5i, tr\u1ea3 s\u1ea3n ph\u1ea9m<\/em><\/strong>: 3 ng\u00e0y \u0111\u1ed1i v\u1edbi kh\u00e1ch h\u00e0ng mua online v\u00e0 1 ng\u00e0y \u0111\u1ed1i v\u1edbi kh\u00e1ch h\u00e0ng mua tr\u1ef1c ti\u1ebfp t\u1ea1i c\u1eeda h\u00e0ng k\u1ec3 t\u1eeb ng\u00e0y kh\u00e1ch nh\u1eadn \u0111\u01b0\u1ee3c h\u00e0ng.<\/li><\/ul>\n\n\n\n<p>N\u1ebfu v\u01b0\u1ee3t qu\u00e1 th\u1eddi gian quy \u0111\u1ecbnh tr\u00ean th\u00ec ch\u00fang t\u00f4i s\u1ebd kh\u00f4ng nh\u1eadn \u0111\u1ed5i\/tr\u1ea3 s\u1ea3n ph\u1ea9m v\u1edbi b\u1ea5t k\u00ec l\u00fd do n\u00e0o.<\/p>\n\n\n\n<p><\/p>\n\n\n\n<h2 class=\"wp-block-heading\"><strong>3. Th\u1eddi h\u1ea1n th\u1ef1c hi\u1ec7n ho\u00e0n tr\u1ea3 l\u1ea1i s\u1ea3n ph\u1ea9m cho kh\u00e1ch h\u00e0ng<\/strong><\/h2>\n\n\n\n<ul class=\"wp-block-list\"><li><strong><em>\u0110\u1ed1i v\u1edbi kh\u00e1ch h\u00e0ng mua online<\/em><\/strong><em>:<\/em><br>Ngay sau khi nh\u1eadn \u0111\u01b0\u1ee3c s\u1ea3n ph\u1ea9m \u0111\u1ed5i\/ tr\u1ea3 c\u1ee7a Qu\u00fd kh\u00e1ch h\u00e0ng, ch\u00fang t\u00f4i s\u1ebd ti\u1ebfn h\u00e0nh \u0111\u00e1nh gi\u00e1 s\u1ea3n ph\u1ea9m v\u00e0 th\u00f4ng b\u00e1o k\u1ebft qu\u1ea3 v\u00e0 ph\u01b0\u01a1ng \u00e1n gi\u1ea3i quy\u1ebft \u0111\u1ed5i\/tr\u1ea3 \u0111\u1ebfn kh\u00e1ch h\u00e0ng trong v\u00f2ng 3 \u0111\u1ebfn 5 ng\u00e0y<\/li><li><strong><em>\u0110\u1ed1i v\u1edbi kh\u00e1ch h\u00e0ng mua tr\u1ef1c ti\u1ebfp t\u1ea1i c\u1eeda h\u00e0ng<\/em><\/strong><em>:<\/em><br>Kh\u00e1ch h\u00e0ng \u0111em s\u1ea3n ph\u1ea9m c\u1ea7n \u0111\u1ed5i\/ tr\u1ea3 \u0111\u1ebfn tr\u1ef1c ti\u1ebfp t\u1ea1i c\u1eeda h\u00e0ng tr\u00ean h\u00f3a \u0111\u01a1n, nh\u00e2n vi\u00ean c\u1eeda h\u00e0ng s\u1ebd ki\u1ec3m tra t\u00ecnh tr\u1ea1ng s\u1ea3n ph\u1ea9m v\u00e0 \u0111\u01b0a ra h\u01b0\u1edbng gi\u1ea3i quy\u1ebft ngay t\u1ea1i c\u1ee7a h\u00e0ng. Nh\u00e2n vi\u00ean t\u1ea1i c\u1eeda h\u00e0ng s\u1ebd t\u01b0 v\u1ea5n c\u1ee5 th\u1ec3 \u0111\u1ec3 kh\u00e1ch h\u00e0ng ch\u1ecdn l\u1ef1a ph\u01b0\u01a1ng \u00e1n t\u1ed1t nh\u1ea5t.<\/li><\/ul>\n\n\n\n<h2 class=\"wp-block-heading\"><strong>4. H\u00ecnh th\u1ee9c \u0111\u1ed5i\/ tr\u1ea3 s\u1ea3n ph\u1ea9m:<\/strong><\/h2>\n\n\n\n<ul class=\"wp-block-list\"><li>S\u1ea3n ph\u1ea9m ch\u1ec9 \u0111\u01b0\u1ee3c \u0111\u1ed5i\/tr\u1ea3 m\u1ed9t l\u1ea7n duy nh\u1ea5t<\/li><li>Qu\u00fd kh\u00e1ch vui l\u00f2ng \u0111\u1ebfn tr\u1ef1c ti\u1ebfp showroom OHAL ghi tr\u00ean ho\u00e1 \u0111\u01a1n mua h\u00e0ng<\/li><li>\u0110\u1ed1i v\u1edbi kh\u00e1ch h\u00e0ng \u1edf khu v\u1ef1c kh\u00e1c, vui l\u00f2ng g\u1ecdi \u0111i\u1ec7n tr\u1ef1c ti\u1ebfp \u0111\u1ebfn\u00a0<strong>Hotline\u00a00985530903\u00a0<\/strong>ho\u1eb7c\u00a0g\u1eedi y\u00eau c\u1ea7u v\u00e0o mail\u00a0<strong>quantri.ohal@gmail.com<\/strong>. Sau khi nh\u1eadn \u0111\u01b0\u1ee3c mail ph\u1ea3n h\u1ed3i x\u00e1c nh\u1eadn \u0111\u1ed3ng \u00fd t\u1eeb OHAL, Qu\u00fd kh\u00e1ch \u0111\u00f3ng g\u00f3i s\u1ea3n ph\u1ea9m k\u00e8m \u0111\u1ea7y \u0111\u1ee7 ph\u1ee5 ki\u1ec7n, ho\u00e1 \u0111\u01a1n, phi\u1ebfu b\u1ea3o h\u00e0nh, \u2026v\u00e0 g\u1eedi v\u1ec1 \u0111\u1ecba ch\u1ec9\u00a0<strong>s\u1ed1 13 \u0111\u01b0\u1eddng T\u00f4 V\u0129nh Di\u1ec7n, Hi\u1ec7p Th\u00e0nh, Th\u1ee7 D\u1ea7u M\u1ed9t, B\u00ecnh D\u01b0\u01a1ng<\/strong><\/li><\/ul>\n\n\n\n<h2 class=\"wp-block-heading\"><strong>5. H\u00ecnh th\u1ee9c ho\u00e0n ph\u00ed:<\/strong><\/h2>\n\n\n\n<p><strong><em>5.1&nbsp;\u0110\u1ed1i v\u1edbi tr\u01b0\u1eddng h\u1ee3p \u0111\u1ed5i s\u1ea3n ph\u1ea9m<\/em><\/strong><\/p>\n\n\n\n<ul class=\"wp-block-list\"><li>N\u1ebfu kh\u00e1ch h\u00e0ng c\u00f3 nhu c\u1ea7u \u0111\u1ed5i s\u1ea3n ph\u1ea9m kh\u00e1c c\u00f3 gi\u00e1 cao h\u01a1n s\u1ea3n ph\u1ea9m \u0111\u1ed5i th\u00ec kh\u00e1ch h\u00e0ng ph\u1ea3i b\u00f9 th\u00eam ti\u1ec1n v\u00e0 n\u1ebfu th\u1ea5p h\u01a1n s\u1ebd kh\u00f4ng \u0111\u01b0\u1ee3c ho\u00e0n tr\u1ea3 l\u1ea1i ti\u1ec1n ch\u00eanh l\u1ec7ch.<\/li><\/ul>\n\n\n\n<p><strong>Tr\u01b0\u1eddng h\u1ee3p kh\u00e1ch mua online:<\/strong><\/p>\n\n\n\n<ul class=\"wp-block-list\"><li>Mr Vui s\u1ebd ch\u1ecbu 100% ph\u00ed v\u1eadn chuy\u1ec3n cho kh\u00e1ch h\u00e0ng n\u1ebfu s\u1ea3n ph\u1ea9m \u0111\u1ed5i \u0111\u00e1p \u1ee9ng \u0111\u1ea7y \u0111\u1ee7 \u0111i\u1ec1u ki\u1ec7n \u0111\u00e3 n\u00eau \u1edf M\u1ee5c 1 ( \u0111i\u1ec1u ki\u1ec7n \u0111\u1ed5i\/ tr\u1ea3 s\u1ea3n ph\u1ea9m)<\/li><li>Tr\u01b0\u1eddng h\u1ee3p kh\u00e1ch h\u00e0ng \u0111\u00e3 thanh to\u00e1n ti\u1ec1n tr\u1ef1c tuy\u1ebfn cho s\u1ea3n ph\u1ea9m \u0111\u1ea7u ti\u00ean, s\u1ebd thanh to\u00e1n th\u00eam ph\u1ea7n ti\u1ec1n ch\u00eanh l\u1ec7ch cho s\u1ea3n ph\u1ea9m \u0111\u01b0\u1ee3c \u0111\u1ed5i (n\u1ebfu c\u00f3) b\u1eb1ng chuy\u1ec3n kho\u1ea3n.<\/li><li>Th\u1eddi gian nh\u1eadn h\u00e0ng m\u1edbi ch\u1eadm nh\u1ea5t l\u00e0 7 ng\u00e0y k\u1ec3 t\u1eeb ng\u00e0y OHAL nh\u1eadn \u0111\u01b0\u1ee3c s\u1ea3n ph\u1ea9m c\u1ea7n \u0111\u1ed5i.<\/li><\/ul>\n\n\n\n<p><strong>Tr\u01b0\u1eddng h\u1ee3p kh\u00e1ch mua tr\u1ef1c ti\u1ebfp t\u1ea1i c\u1eeda h\u00e0ng<\/strong><\/p>\n\n\n\n<ul class=\"wp-block-list\"><li>S\u1ea3n ph\u1ea9m kh\u00f4ng b\u1ecb l\u1ed7i m\u00e0 kh\u00e1ch v\u1eabn y\u00eau c\u1ea7u \u0111\u1ed5i, kh\u00e1ch h\u00e0ng s\u1ebd b\u1ecb m\u1ea5t ph\u00ed 10% tr\u00ean t\u1ed5ng h\u00f3a \u0111\u01a1n thanh to\u00e1n.<\/li><li>Kh\u00e1ch h\u00e0ng \u0111\u00e3 thanh to\u00e1n ti\u1ec1n cho s\u1ea3n ph\u1ea9m \u0111\u1ea7u ti\u00ean, s\u1ebd thanh to\u00e1n th\u00eam ph\u1ea7n ti\u1ec1n ch\u00eanh l\u1ec7ch cho s\u1ea3n ph\u1ea9m \u0111\u01b0\u1ee3c \u0111\u1ed5i ( n\u1ebfu c\u00f3 ) b\u1eb1ng ti\u1ec1n m\u1eb7t.<\/li><\/ul>\n\n\n\n<p><strong>5.2 \u0110\u1ed1i v\u1edbi tr\u01b0\u1eddng h\u1ee3p ho\u00e0n tr\u1ea3 s\u1ea3n ph\u1ea9m:<\/strong><\/p>\n\n\n\n<ul class=\"wp-block-list\"><li>S\u1ebd ho\u00e0n ti\u1ec1n 100% n\u1ebfu OHAL kh\u00f4ng c\u00f3 s\u1ea3n ph\u1ea9m kh\u00e1c thay th\u1ebf v\u00e0 s\u1ea3n ph\u1ea9m ph\u1ea3i \u0111\u1ea3m b\u1ea3o \u0111\u1ee7 \u0111i\u1ec1u ki\u1ec7n \u0111\u00e3 n\u00eau \u1edf M\u1ee5c 1.<\/li><li>OHAL s\u1ebd ch\u1ecbu t\u1ea5t c\u1ea3 m\u1ecdi kho\u1ea3n chi ph\u00ed v\u1eadn chuy\u1ec3n trong qu\u00e1 tr\u00ecnh tr\u1ea3 s\u1ea3n ph\u1ea9m.<\/li><li>Tr\u01b0\u1eddng h\u1ee3p kh\u00e1ch h\u00e0ng \u0111\u00e3 thanh to\u00e1n ti\u1ec1n online s\u1ebd \u0111\u01b0\u1ee3c ho\u00e0n ti\u1ec1n ch\u1eadm nh\u1ea5t 30 ng\u00e0y k\u1ec3 t\u1eeb ng\u00e0y OHAL nh\u1eadn \u0111\u01b0\u1ee3c s\u1ea3n ph\u1ea9m tr\u1ea3.<\/li><\/ul>\n\n\n\n<p><strong>L\u01b0u \u00fd:<\/strong>\u00a0OHAL khuy\u1ebfn kh\u00edch Qu\u00fd kh\u00e1ch h\u00e0ng n\u00ean ch\u1ee5p \u1ea3nh s\u1ea3n ph\u1ea9m tr\u01b0\u1edbc khi \u0111\u1ed5i\/ tr\u1ea3 h\u00e0ng h\u00f3a, vi\u1ec7c l\u01b0u gi\u1eef s\u1ea3n ph\u1ea9m s\u1ebd gi\u00fap kh\u00e1ch h\u00e0ng l\u00e0m b\u1eb1ng ch\u1ee9ng n\u1ebfu c\u00f3 nh\u1eefng v\u1ea5n \u0111\u1ec1 ph\u00e1t sinh trong qu\u00e1 tr\u00ecnh \u0111\u1ed5i tr\u1ea3.<\/p>\n","protected":false},"excerpt":{"rendered":"<p>1. \u0110i\u1ec1u ki\u1ec7n \u0111\u1ed5i\/ tr\u1ea3 s\u1ea3n ph\u1ea9m: S\u1ea3n ph\u1ea9m g\u1eb7p c\u00e1c v\u1ea5n \u0111\u1ec1 v\u1ec1 ch\u1ea5t l\u01b0\u1ee3ng h\u01b0 h\u1ecfng. S\u1ea3n ph\u1ea9m \u0111\u1ed5i h\u00e0ng ph\u1ea3i c\u00f2n m\u1edbi, nguy\u00ean v\u1eb9n, kh\u00f4ng b\u1ecb r\u00e1ch bao b\u00ec. S\u1ea3n ph\u1ea9m ph\u1ea3i c\u00f2n \u0111\u1ea7y \u0111\u1ee7 tem, nh\u00e3n m\u00e1c, ho\u00e1 \u0111\u01a1n mua h\u00e0ng. S\u1ea3n ph\u1ea9m \u0111\u1ed5i h\u00e0ng c\u00f2n trong th\u1eddi h\u1ea1n cho ph\u00e9p [&hellip;]<\/p>\n","protected":false},"author":1,"featured_media":0,"parent":31,"menu_order":0,"comment_status":"closed","ping_status":"closed","template":"","meta":{"site-sidebar-layout":"default","site-content-layout":"","ast-site-content-layout":"default","site-content-style":"default","site-sidebar-style":"default","ast-global-header-display":"","ast-banner-title-visibility":"","ast-main-header-display":"","ast-hfb-above-header-display":"","ast-hfb-below-header-display":"","ast-hfb-mobile-header-display":"","site-post-title":"","ast-breadcrumbs-content":"","ast-featured-img":"","footer-sml-layout":"","theme-transparent-header-meta":"","adv-header-id-meta":"","stick-header-meta":"","header-above-stick-meta":"","header-main-stick-meta":"","header-below-stick-meta":"","astra-migrate-meta-layouts":"default","ast-page-background-enabled":"default","ast-page-background-meta":{"desktop":{"background-color":"var(--ast-global-color-4)","background-image":"","background-repeat":"repeat","background-position":"center center","background-size":"auto","background-attachment":"scroll","background-type":"","background-media":"","overlay-type":"","overlay-color":"","overlay-opacity":"","overlay-gradient":""},"tablet":{"background-color":"","background-image":"","background-repeat":"repeat","background-position":"center center","background-size":"auto","background-attachment":"scroll","background-type":"","background-media":"","overlay-type":"","overlay-color":"","overlay-opacity":"","overlay-gradient":""},"mobile":{"background-color":"","background-image":"","background-repeat":"repeat","background-position":"center center","background-size":"auto","background-attachment":"scroll","background-type":"","background-media":"","overlay-type":"","overlay-color":"","overlay-opacity":"","overlay-gradient":""}},"ast-content-background-meta":{"desktop":{"background-color":"var(--ast-global-color-5)","background-image":"","background-repeat":"repeat","background-position":"center center","background-size":"auto","background-attachment":"scroll","background-type":"","background-media":"","overlay-type":"","overlay-color":"","overlay-opacity":"","overlay-gradient":""},"tablet":{"background-color":"var(--ast-global-color-5)","background-image":"","background-repeat":"repeat","background-position":"center center","background-size":"auto","background-attachment":"scroll","background-type":"","background-media":"","overlay-type":"","overlay-color":"","overlay-opacity":"","overlay-gradient":""},"mobile":{"background-color":"var(--ast-global-color-5)","background-image":"","background-repeat":"repeat","background-position":"center center","background-size":"auto","background-attachment":"scroll","background-type":"","background-media":"","overlay-type":"","overlay-color":"","overlay-opacity":"","overlay-gradient":""}},"footnotes":""},"class_list":["post-33","page","type-page","status-publish","hentry"],"yoast_head":"<!-- This site is optimized with the Yoast SEO plugin v26.2 - https:\/\/yoast.com\/wordpress\/plugins\/seo\/ -->\n<title>\u0110\u1ed5i tr\u1ea3 h\u00e0ng - OHAL<\/title>\n<meta name=\"description\" content=\"\u0110\u1ec3 mang \u0111\u1ebfn s\u1ef1 thu\u1eadn ti\u1ec7n v\u00e0 tr\u1ea3i nghi\u1ec7m t\u1ed1t nh\u1ea5t cho kh\u00e1ch h\u00e0ng, OHAL c\u00f3 nh\u1eefng ch\u00ednh s\u00e1ch ph\u00f9 h\u1ee3p khi kh\u00e1ch h\u00e0ng c\u00f3 nhu c\u1ea7u \u0111\u1ed5i tr\u1ea3 s\u1ea3n ph\u1ea9m\" \/>\n<meta name=\"robots\" content=\"index, follow, max-snippet:-1, max-image-preview:large, max-video-preview:-1\" \/>\n<link rel=\"canonical\" href=\"https:\/\/commerce.ohal.vn\/index.php\/chinh-sach\/doi-tra-hang\/\" \/>\n<meta property=\"og:locale\" content=\"vi_VN\" \/>\n<meta property=\"og:type\" content=\"article\" \/>\n<meta property=\"og:title\" content=\"\u0110\u1ed5i tr\u1ea3 h\u00e0ng - OHAL\" \/>\n<meta property=\"og:description\" content=\"\u0110\u1ec3 mang \u0111\u1ebfn s\u1ef1 thu\u1eadn ti\u1ec7n v\u00e0 tr\u1ea3i nghi\u1ec7m t\u1ed1t nh\u1ea5t cho kh\u00e1ch h\u00e0ng, OHAL c\u00f3 nh\u1eefng ch\u00ednh s\u00e1ch ph\u00f9 h\u1ee3p khi kh\u00e1ch h\u00e0ng c\u00f3 nhu c\u1ea7u \u0111\u1ed5i tr\u1ea3 s\u1ea3n ph\u1ea9m\" \/>\n<meta property=\"og:url\" content=\"https:\/\/commerce.ohal.vn\/index.php\/chinh-sach\/doi-tra-hang\/\" \/>\n<meta property=\"og:site_name\" content=\"OHAL\" \/>\n<meta property=\"article:modified_time\" content=\"2025-10-23T08:44:54+00:00\" \/>\n<meta name=\"twitter:card\" content=\"summary_large_image\" \/>\n<meta name=\"twitter:label1\" content=\"\u01af\u1edbc t\u00ednh th\u1eddi gian \u0111\u1ecdc\" \/>\n\t<meta name=\"twitter:data1\" content=\"5 ph\u00fat\" \/>\n<script type=\"application\/ld+json\" class=\"yoast-schema-graph\">{\"@context\":\"https:\/\/schema.org\",\"@graph\":[{\"@type\":\"WebPage\",\"@id\":\"https:\/\/commerce.ohal.vn\/index.php\/chinh-sach\/doi-tra-hang\/\",\"url\":\"https:\/\/commerce.ohal.vn\/index.php\/chinh-sach\/doi-tra-hang\/\",\"name\":\"\u0110\u1ed5i tr\u1ea3 h\u00e0ng - OHAL\",\"isPartOf\":{\"@id\":\"https:\/\/commerce.ohal.vn\/#website\"},\"datePublished\":\"2022-05-27T03:59:33+00:00\",\"dateModified\":\"2025-10-23T08:44:54+00:00\",\"description\":\"\u0110\u1ec3 mang \u0111\u1ebfn s\u1ef1 thu\u1eadn ti\u1ec7n v\u00e0 tr\u1ea3i nghi\u1ec7m t\u1ed1t nh\u1ea5t cho kh\u00e1ch h\u00e0ng, OHAL c\u00f3 nh\u1eefng ch\u00ednh s\u00e1ch ph\u00f9 h\u1ee3p khi kh\u00e1ch h\u00e0ng c\u00f3 nhu c\u1ea7u \u0111\u1ed5i tr\u1ea3 s\u1ea3n ph\u1ea9m\",\"breadcrumb\":{\"@id\":\"https:\/\/commerce.ohal.vn\/index.php\/chinh-sach\/doi-tra-hang\/#breadcrumb\"},\"inLanguage\":\"vi\",\"potentialAction\":[{\"@type\":\"ReadAction\",\"target\":[\"https:\/\/commerce.ohal.vn\/index.php\/chinh-sach\/doi-tra-hang\/\"]}]},{\"@type\":\"BreadcrumbList\",\"@id\":\"https:\/\/commerce.ohal.vn\/index.php\/chinh-sach\/doi-tra-hang\/#breadcrumb\",\"itemListElement\":[{\"@type\":\"ListItem\",\"position\":1,\"name\":\"Trang ch\u1ee7\",\"item\":\"https:\/\/commerce.ohal.vn\/\"},{\"@type\":\"ListItem\",\"position\":2,\"name\":\"Ch\u00ednh s\u00e1ch\",\"item\":\"https:\/\/commerce.ohal.vn\/index.php\/chinh-sach\/\"},{\"@type\":\"ListItem\",\"position\":3,\"name\":\"\u0110\u1ed5i tr\u1ea3 h\u00e0ng\"}]},{\"@type\":\"WebSite\",\"@id\":\"https:\/\/commerce.ohal.vn\/#website\",\"url\":\"https:\/\/commerce.ohal.vn\/\",\"name\":\"OHAL\",\"description\":\"S\u1ed1ng kh\u1ecfe c\u00f9ng OHAL\",\"publisher\":{\"@id\":\"https:\/\/commerce.ohal.vn\/#organization\"},\"potentialAction\":[{\"@type\":\"SearchAction\",\"target\":{\"@type\":\"EntryPoint\",\"urlTemplate\":\"https:\/\/commerce.ohal.vn\/?s={search_term_string}\"},\"query-input\":{\"@type\":\"PropertyValueSpecification\",\"valueRequired\":true,\"valueName\":\"search_term_string\"}}],\"inLanguage\":\"vi\"},{\"@type\":\"Organization\",\"@id\":\"https:\/\/commerce.ohal.vn\/#organization\",\"name\":\"OHAL\",\"url\":\"https:\/\/commerce.ohal.vn\/\",\"logo\":{\"@type\":\"ImageObject\",\"inLanguage\":\"vi\",\"@id\":\"https:\/\/commerce.ohal.vn\/#\/schema\/logo\/image\/\",\"url\":\"https:\/\/commerce.ohal.vn\/wp-content\/uploads\/2022\/05\/cropped-ohal-2-2.png\",\"contentUrl\":\"https:\/\/commerce.ohal.vn\/wp-content\/uploads\/2022\/05\/cropped-ohal-2-2.png\",\"width\":366,\"height\":143,\"caption\":\"OHAL\"},\"image\":{\"@id\":\"https:\/\/commerce.ohal.vn\/#\/schema\/logo\/image\/\"}}]}<\/script>\n<!-- \/ Yoast SEO plugin. -->","yoast_head_json":{"title":"\u0110\u1ed5i tr\u1ea3 h\u00e0ng - OHAL","description":"\u0110\u1ec3 mang \u0111\u1ebfn s\u1ef1 thu\u1eadn ti\u1ec7n v\u00e0 tr\u1ea3i nghi\u1ec7m t\u1ed1t nh\u1ea5t cho kh\u00e1ch h\u00e0ng, OHAL c\u00f3 nh\u1eefng ch\u00ednh s\u00e1ch ph\u00f9 h\u1ee3p khi kh\u00e1ch h\u00e0ng c\u00f3 nhu c\u1ea7u \u0111\u1ed5i tr\u1ea3 s\u1ea3n ph\u1ea9m","robots":{"index":"index","follow":"follow","max-snippet":"max-snippet:-1","max-image-preview":"max-image-preview:large","max-video-preview":"max-video-preview:-1"},"canonical":"https:\/\/commerce.ohal.vn\/index.php\/chinh-sach\/doi-tra-hang\/","og_locale":"vi_VN","og_type":"article","og_title":"\u0110\u1ed5i tr\u1ea3 h\u00e0ng - OHAL","og_description":"\u0110\u1ec3 mang \u0111\u1ebfn s\u1ef1 thu\u1eadn ti\u1ec7n v\u00e0 tr\u1ea3i nghi\u1ec7m t\u1ed1t nh\u1ea5t cho kh\u00e1ch h\u00e0ng, OHAL c\u00f3 nh\u1eefng ch\u00ednh s\u00e1ch ph\u00f9 h\u1ee3p khi kh\u00e1ch h\u00e0ng c\u00f3 nhu c\u1ea7u \u0111\u1ed5i tr\u1ea3 s\u1ea3n ph\u1ea9m","og_url":"https:\/\/commerce.ohal.vn\/index.php\/chinh-sach\/doi-tra-hang\/","og_site_name":"OHAL","article_modified_time":"2025-10-23T08:44:54+00:00","twitter_card":"summary_large_image","twitter_misc":{"\u01af\u1edbc t\u00ednh th\u1eddi gian \u0111\u1ecdc":"5 ph\u00fat"},"schema":{"@context":"https:\/\/schema.org","@graph":[{"@type":"WebPage","@id":"https:\/\/commerce.ohal.vn\/index.php\/chinh-sach\/doi-tra-hang\/","url":"https:\/\/commerce.ohal.vn\/index.php\/chinh-sach\/doi-tra-hang\/","name":"\u0110\u1ed5i tr\u1ea3 h\u00e0ng - OHAL","isPartOf":{"@id":"https:\/\/commerce.ohal.vn\/#website"},"datePublished":"2022-05-27T03:59:33+00:00","dateModified":"2025-10-23T08:44:54+00:00","description":"\u0110\u1ec3 mang \u0111\u1ebfn s\u1ef1 thu\u1eadn ti\u1ec7n v\u00e0 tr\u1ea3i nghi\u1ec7m t\u1ed1t nh\u1ea5t cho kh\u00e1ch h\u00e0ng, OHAL c\u00f3 nh\u1eefng ch\u00ednh s\u00e1ch ph\u00f9 h\u1ee3p khi kh\u00e1ch h\u00e0ng c\u00f3 nhu c\u1ea7u \u0111\u1ed5i tr\u1ea3 s\u1ea3n ph\u1ea9m","breadcrumb":{"@id":"https:\/\/commerce.ohal.vn\/index.php\/chinh-sach\/doi-tra-hang\/#breadcrumb"},"inLanguage":"vi","potentialAction":[{"@type":"ReadAction","target":["https:\/\/commerce.ohal.vn\/index.php\/chinh-sach\/doi-tra-hang\/"]}]},{"@type":"BreadcrumbList","@id":"https:\/\/commerce.ohal.vn\/index.php\/chinh-sach\/doi-tra-hang\/#breadcrumb","itemListElement":[{"@type":"ListItem","position":1,"name":"Trang ch\u1ee7","item":"https:\/\/commerce.ohal.vn\/"},{"@type":"ListItem","position":2,"name":"Ch\u00ednh s\u00e1ch","item":"https:\/\/commerce.ohal.vn\/index.php\/chinh-sach\/"},{"@type":"ListItem","position":3,"name":"\u0110\u1ed5i tr\u1ea3 h\u00e0ng"}]},{"@type":"WebSite","@id":"https:\/\/commerce.ohal.vn\/#website","url":"https:\/\/commerce.ohal.vn\/","name":"OHAL","description":"S\u1ed1ng kh\u1ecfe c\u00f9ng OHAL","publisher":{"@id":"https:\/\/commerce.ohal.vn\/#organization"},"potentialAction":[{"@type":"SearchAction","target":{"@type":"EntryPoint","urlTemplate":"https:\/\/commerce.ohal.vn\/?s={search_term_string}"},"query-input":{"@type":"PropertyValueSpecification","valueRequired":true,"valueName":"search_term_string"}}],"inLanguage":"vi"},{"@type":"Organization","@id":"https:\/\/commerce.ohal.vn\/#organization","name":"OHAL","url":"https:\/\/commerce.ohal.vn\/","logo":{"@type":"ImageObject","inLanguage":"vi","@id":"https:\/\/commerce.ohal.vn\/#\/schema\/logo\/image\/","url":"https:\/\/commerce.ohal.vn\/wp-content\/uploads\/2022\/05\/cropped-ohal-2-2.png","contentUrl":"https:\/\/commerce.ohal.vn\/wp-content\/uploads\/2022\/05\/cropped-ohal-2-2.png","width":366,"height":143,"caption":"OHAL"},"image":{"@id":"https:\/\/commerce.ohal.vn\/#\/schema\/logo\/image\/"}}]}},"jetpack_sharing_enabled":true,"_links":{"self":[{"href":"https:\/\/commerce.ohal.vn\/index.php\/wp-json\/wp\/v2\/pages\/33","targetHints":{"allow":["GET"]}}],"collection":[{"href":"https:\/\/commerce.ohal.vn\/index.php\/wp-json\/wp\/v2\/pages"}],"about":[{"href":"https:\/\/commerce.ohal.vn\/index.php\/wp-json\/wp\/v2\/types\/page"}],"author":[{"embeddable":true,"href":"https:\/\/commerce.ohal.vn\/index.php\/wp-json\/wp\/v2\/users\/1"}],"replies":[{"embeddable":true,"href":"https:\/\/commerce.ohal.vn\/index.php\/wp-json\/wp\/v2\/comments?post=33"}],"version-history":[{"count":2,"href":"https:\/\/commerce.ohal.vn\/index.php\/wp-json\/wp\/v2\/pages\/33\/revisions"}],"predecessor-version":[{"id":170,"href":"https:\/\/commerce.ohal.vn\/index.php\/wp-json\/wp\/v2\/pages\/33\/revisions\/170"}],"up":[{"embeddable":true,"href":"https:\/\/commerce.ohal.vn\/index.php\/wp-json\/wp\/v2\/pages\/31"}],"wp:attachment":[{"href":"https:\/\/commerce.ohal.vn\/index.php\/wp-json\/wp\/v2\/media?parent=33"}],"curies":[{"name":"wp","href":"https:\/\/api.w.org\/{rel}","templated":true}]}}