{"id":32,"date":"2022-05-27T03:59:33","date_gmt":"2022-05-27T03:59:33","guid":{"rendered":"https:\/\/commerce.ohal.vn\/?page_id=32"},"modified":"2025-10-23T15:44:42","modified_gmt":"2025-10-23T08:44:42","slug":"dat-hang","status":"publish","type":"page","link":"https:\/\/commerce.ohal.vn\/index.php\/chinh-sach\/dat-hang\/","title":{"rendered":"\u0110\u1eb7t h\u00e0ng"},"content":{"rendered":"\n<h2 class=\"wp-block-heading\">H\u01b0\u1edbng d\u1eabn mua h\u00e0ng<\/h2>\n\n\n\n<h3 class=\"wp-block-heading\">Mua tr\u1ef1c ti\u1ebfp<\/h3>\n\n\n\n<p>Qu\u00fd kh\u00e1ch c\u00f3 th\u1ec3 \u0111\u1ebfn tr\u1ef1c ti\u1ebfp showroom c\u1ee7a ch\u00fang t\u00f4i. \u0110\u1ecba ch\u1ec9 s\u1ed1 s\u1ed1 13 \u0111\u01b0\u1eddng T\u00f4 V\u0129nh Di\u1ec7n, khu ph\u1ed1 7, t\u1ed5 52, ph\u01b0\u1eddng Hi\u1ec7p Th\u00e0nh, TP Th\u1ee7 D\u1ea7u M\u1ed9t, B\u00ecnh D\u01b0\u01a1ng, Vi\u1ec7t Nam \u0111\u1ec3 tham quan v\u00e0 mua h\u00e0ng tr\u1ef1c ti\u1ebfp.<\/p>\n\n\n\n<h2 class=\"wp-block-heading\">Mua h\u00e0ng online<\/h2>\n\n\n\n<p>Qu\u00fd kh\u00e1ch truy c\u1eadp \u0111\u1ecba ch\u1ec9: http:\/\/ohal.vn<\/p>\n\n\n\n<figure class=\"wp-block-image\"><img decoding=\"async\" src=\"https:\/\/ohal.vn\/wp-content\/uploads\/2021\/06\/HDMUA-1024x388.png\" alt=\"\" class=\"wp-image-1652\"\/><figcaption class=\"wp-element-caption\">Qu\u00fd kh\u00e1ch ch\u1ecdn n\u00fat \u201d Mua h\u00e0ng ngay\u201d ho\u1eb7c n\u00fat \u201cC\u1eeda h\u00e0ng\u201d<\/figcaption><\/figure>\n\n\n\n<p>T\u00e3i c\u1eeda s\u1ed5 mua h\u00e0ng<\/p>\n\n\n\n<figure class=\"wp-block-image\"><img decoding=\"async\" src=\"https:\/\/ohal.vn\/wp-content\/uploads\/2021\/06\/HDMUA2-1024x461.png\" alt=\"\" class=\"wp-image-1653\"\/><figcaption class=\"wp-element-caption\">Qu\u00fd kh\u00e1ch click ch\u1ecdn s\u1ea3n ph\u1ea9m mu\u1ed1n mua<\/figcaption><\/figure>\n\n\n\n<p>T\u1ea1i c\u1eeda s\u1ed5 s\u1ea3n ph\u1ea9m<\/p>\n\n\n\n<figure class=\"wp-block-image\"><img decoding=\"async\" src=\"https:\/\/ohal.vn\/wp-content\/uploads\/2021\/06\/HDMUA3.png\" alt=\"\" class=\"wp-image-1654\"\/><\/figure>\n\n\n\n<p>Ch\u1ecdn d\u00f2ng s\u1ea3n ph\u1ea9m, y\u00eau c\u1ea7u s\u1ea3n ph\u1ea9m (\u00e1p d\u1ee5ng \u0111\u1ed1i v\u1edbi c\u00e1c s\u1ea3n ph\u1ea9m c\u00f3 nhi\u1ec1u bi\u1ebfn th\u1ec3, \u0111\u1ed1i v\u1edbi s\u1ea3n ph\u1ea9m kh\u00e1c s\u1ebb kh\u00f4ng c\u00f3 t\u00f9y ch\u1ecdn n\u00e0y) sau \u0111\u00f3 ch\u1ecdn \u201cTh\u00eam v\u00e0o gi\u1ecf h\u00e0ng\u201d<\/p>\n\n\n\n<figure class=\"wp-block-image\"><img decoding=\"async\" src=\"https:\/\/ohal.vn\/wp-content\/uploads\/2021\/06\/Untitled-2.png\" alt=\"\" class=\"wp-image-1655\"\/><\/figure>\n\n\n\n<p>Ch\u1ecdn xem gi\u1ecf h\u00e0ng<\/p>\n\n\n\n<figure class=\"wp-block-image\"><img decoding=\"async\" src=\"https:\/\/ohal.vn\/wp-content\/uploads\/2021\/06\/HDMUA4.png\" alt=\"\" class=\"wp-image-1657\"\/><\/figure>\n\n\n\n<p>Qu\u00fd kh\u00e1ch ch\u1ecdn \u201cTi\u1ebfn h\u00e0nh thanh to\u00e1n\u201d<\/p>\n\n\n\n<figure class=\"wp-block-image\"><img decoding=\"async\" src=\"https:\/\/ohal.vn\/wp-content\/uploads\/2021\/06\/TTMH.png\" alt=\"\" class=\"wp-image-1665\"\/><\/figure>\n\n\n\n<p>\u0110i\u1ec1n c\u00e1c th\u00f4ng tin thanh to\u00e1n, h\u00ecnh th\u1ee9c thanh to\u00e1n<\/p>\n\n\n\n<figure class=\"wp-block-image\"><img decoding=\"async\" src=\"https:\/\/ohal.vn\/wp-content\/uploads\/2021\/06\/TTMH2.png\" alt=\"\" class=\"wp-image-1667\"\/><\/figure>\n\n\n\n<p>H\u00ecnh th\u1ee9c thanh to\u00e1n:<\/p>\n\n\n\n<ul class=\"wp-block-list\">\n<li>Chuy\u1ec3n kho\u1ea3n ng\u00e2n h\u00e0ng: Qu\u00fd kh\u00e1ch chuy\u1ec3n ti\u1ec1n thanh to\u00e1n tr\u00ean \u0111\u01a1n h\u00e0ng v\u1edbi n\u1ed9i dung thanh to\u00e1n \u201ct\u00ean m\u00e3 \u0111\u01a1n h\u00e0ng\u201d. V\u00ed d\u1ee5: qu\u00fd kh\u00e1ch t\u00ean Kh\u00e1nh m\u00e3 \u0111\u01a1n h\u00e0ng l\u00e0 1111 trong ph\u1ea7n n\u1ed9i dung chuy\u1ec3n kho\u1ea3n qu\u00fd kh\u00e1ch so\u1ea1n \u201ckhanh 1111\u201d<\/li>\n\n\n\n<li>Thanh to\u00e1n tr\u1ef1c ti\u1ebfp khi nh\u1eadn h\u00e0ng: Qu\u00fd kh\u00e1ch thanh to\u00e1n th\u00eam ph\u00ed thu h\u1ed9 (t\u00f9y thu\u1ed9c nh\u00e0 cung c\u1ea5p d\u1ecbch v\u1ee5 v\u1eadn chuy\u1ec3n). Tr\u00ean h\u1ec7 th\u1ed1ng ch\u00fang t\u00f4i ch\u1ec9 t\u00ednh gi\u00e1 s\u1ea3n ph\u1ea9m + ph\u00ed giao h\u00e0ng.<\/li>\n\n\n\n<li>Qu\u00e9t m\u00e3 momo : Qu\u00fd kh\u00e1ch qu\u00e9t m\u00e3 QR code xu\u1ea5t hi\u1ec7n sau kh\u00ed \u1ea5n n\u00fat thanh to\u00e1n. Sau khi \u0111\u00e3 thanh to\u00e1n qu\u00fd kh\u00e1ch \u1ea5n n\u00fat \u0111\u00e3 ho\u00e0n t\u1ea5t thanh to\u00e1n.<\/li>\n\n\n\n<li>Qu\u00e9t m\u00e3 zalo pay: Qu\u00fd kh\u00e1ch qu\u00e9t m\u00e3 QR code xu\u1ea5t hi\u1ec7n sau kh\u00ed \u1ea5n n\u00fat thanh to\u00e1n. Sau khi \u0111\u00e3 thanh to\u00e1n qu\u00fd kh\u00e1ch \u1ea5n n\u00fat \u0111\u00e3 ho\u00e0n t\u1ea5t thanh to\u00e1n.<\/li>\n<\/ul>\n","protected":false},"excerpt":{"rendered":"<p>H\u01b0\u1edbng d\u1eabn mua h\u00e0ng Mua tr\u1ef1c ti\u1ebfp Qu\u00fd kh\u00e1ch c\u00f3 th\u1ec3 \u0111\u1ebfn tr\u1ef1c ti\u1ebfp showroom c\u1ee7a ch\u00fang t\u00f4i. \u0110\u1ecba ch\u1ec9 s\u1ed1 s\u1ed1 13 \u0111\u01b0\u1eddng T\u00f4 V\u0129nh Di\u1ec7n, khu ph\u1ed1 7, t\u1ed5 52, ph\u01b0\u1eddng Hi\u1ec7p Th\u00e0nh, TP Th\u1ee7 D\u1ea7u M\u1ed9t, B\u00ecnh D\u01b0\u01a1ng, Vi\u1ec7t Nam \u0111\u1ec3 tham quan v\u00e0 mua h\u00e0ng tr\u1ef1c ti\u1ebfp. Mua h\u00e0ng online Qu\u00fd [&hellip;]<\/p>\n","protected":false},"author":1,"featured_media":0,"parent":31,"menu_order":0,"comment_status":"closed","ping_status":"closed","template":"","meta":{"site-sidebar-layout":"default","site-content-layout":"","ast-site-content-layout":"default","site-content-style":"default","site-sidebar-style":"default","ast-global-header-display":"","ast-banner-title-visibility":"","ast-main-header-display":"","ast-hfb-above-header-display":"","ast-hfb-below-header-display":"","ast-hfb-mobile-header-display":"","site-post-title":"","ast-breadcrumbs-content":"","ast-featured-img":"","footer-sml-layout":"","theme-transparent-header-meta":"","adv-header-id-meta":"","stick-header-meta":"","header-above-stick-meta":"","header-main-stick-meta":"","header-below-stick-meta":"","astra-migrate-meta-layouts":"default","ast-page-background-enabled":"default","ast-page-background-meta":{"desktop":{"background-color":"var(--ast-global-color-4)","background-image":"","background-repeat":"repeat","background-position":"center center","background-size":"auto","background-attachment":"scroll","background-type":"","background-media":"","overlay-type":"","overlay-color":"","overlay-opacity":"","overlay-gradient":""},"tablet":{"background-color":"","background-image":"","background-repeat":"repeat","background-position":"center center","background-size":"auto","background-attachment":"scroll","background-type":"","background-media":"","overlay-type":"","overlay-color":"","overlay-opacity":"","overlay-gradient":""},"mobile":{"background-color":"","background-image":"","background-repeat":"repeat","background-position":"center center","background-size":"auto","background-attachment":"scroll","background-type":"","background-media":"","overlay-type":"","overlay-color":"","overlay-opacity":"","overlay-gradient":""}},"ast-content-background-meta":{"desktop":{"background-color":"var(--ast-global-color-5)","background-image":"","background-repeat":"repeat","background-position":"center center","background-size":"auto","background-attachment":"scroll","background-type":"","background-media":"","overlay-type":"","overlay-color":"","overlay-opacity":"","overlay-gradient":""},"tablet":{"background-color":"var(--ast-global-color-5)","background-image":"","background-repeat":"repeat","background-position":"center center","background-size":"auto","background-attachment":"scroll","background-type":"","background-media":"","overlay-type":"","overlay-color":"","overlay-opacity":"","overlay-gradient":""},"mobile":{"background-color":"var(--ast-global-color-5)","background-image":"","background-repeat":"repeat","background-position":"center center","background-size":"auto","background-attachment":"scroll","background-type":"","background-media":"","overlay-type":"","overlay-color":"","overlay-opacity":"","overlay-gradient":""}},"footnotes":""},"class_list":["post-32","page","type-page","status-publish","hentry"],"yoast_head":"<!-- This site is optimized with the Yoast SEO plugin v26.2 - https:\/\/yoast.com\/wordpress\/plugins\/seo\/ -->\n<title>\u0110\u1eb7t h\u00e0ng - OHAL<\/title>\n<meta name=\"robots\" content=\"index, follow, max-snippet:-1, max-image-preview:large, max-video-preview:-1\" \/>\n<link rel=\"canonical\" href=\"https:\/\/commerce.ohal.vn\/index.php\/chinh-sach\/dat-hang\/\" \/>\n<meta property=\"og:locale\" content=\"vi_VN\" \/>\n<meta property=\"og:type\" content=\"article\" \/>\n<meta property=\"og:title\" content=\"\u0110\u1eb7t h\u00e0ng - OHAL\" \/>\n<meta property=\"og:description\" content=\"H\u01b0\u1edbng d\u1eabn mua h\u00e0ng Mua tr\u1ef1c ti\u1ebfp Qu\u00fd kh\u00e1ch c\u00f3 th\u1ec3 \u0111\u1ebfn tr\u1ef1c ti\u1ebfp showroom c\u1ee7a ch\u00fang t\u00f4i. \u0110\u1ecba ch\u1ec9 s\u1ed1 s\u1ed1 13 \u0111\u01b0\u1eddng T\u00f4 V\u0129nh Di\u1ec7n, khu ph\u1ed1 7, t\u1ed5 52, ph\u01b0\u1eddng Hi\u1ec7p Th\u00e0nh, TP Th\u1ee7 D\u1ea7u M\u1ed9t, B\u00ecnh D\u01b0\u01a1ng, Vi\u1ec7t Nam \u0111\u1ec3 tham quan v\u00e0 mua h\u00e0ng tr\u1ef1c ti\u1ebfp. Mua h\u00e0ng online Qu\u00fd [&hellip;]\" \/>\n<meta property=\"og:url\" content=\"https:\/\/commerce.ohal.vn\/index.php\/chinh-sach\/dat-hang\/\" \/>\n<meta property=\"og:site_name\" content=\"OHAL\" \/>\n<meta property=\"article:modified_time\" content=\"2025-10-23T08:44:42+00:00\" \/>\n<meta name=\"twitter:card\" content=\"summary_large_image\" \/>\n<meta name=\"twitter:label1\" content=\"\u01af\u1edbc t\u00ednh th\u1eddi gian \u0111\u1ecdc\" \/>\n\t<meta name=\"twitter:data1\" content=\"4 ph\u00fat\" \/>\n<script type=\"application\/ld+json\" class=\"yoast-schema-graph\">{\"@context\":\"https:\/\/schema.org\",\"@graph\":[{\"@type\":\"WebPage\",\"@id\":\"https:\/\/commerce.ohal.vn\/index.php\/chinh-sach\/dat-hang\/\",\"url\":\"https:\/\/commerce.ohal.vn\/index.php\/chinh-sach\/dat-hang\/\",\"name\":\"\u0110\u1eb7t h\u00e0ng - OHAL\",\"isPartOf\":{\"@id\":\"https:\/\/commerce.ohal.vn\/#website\"},\"primaryImageOfPage\":{\"@id\":\"https:\/\/commerce.ohal.vn\/index.php\/chinh-sach\/dat-hang\/#primaryimage\"},\"image\":{\"@id\":\"https:\/\/commerce.ohal.vn\/index.php\/chinh-sach\/dat-hang\/#primaryimage\"},\"thumbnailUrl\":\"https:\/\/ohal.vn\/wp-content\/uploads\/2021\/06\/HDMUA-1024x388.png\",\"datePublished\":\"2022-05-27T03:59:33+00:00\",\"dateModified\":\"2025-10-23T08:44:42+00:00\",\"breadcrumb\":{\"@id\":\"https:\/\/commerce.ohal.vn\/index.php\/chinh-sach\/dat-hang\/#breadcrumb\"},\"inLanguage\":\"vi\",\"potentialAction\":[{\"@type\":\"ReadAction\",\"target\":[\"https:\/\/commerce.ohal.vn\/index.php\/chinh-sach\/dat-hang\/\"]}]},{\"@type\":\"ImageObject\",\"inLanguage\":\"vi\",\"@id\":\"https:\/\/commerce.ohal.vn\/index.php\/chinh-sach\/dat-hang\/#primaryimage\",\"url\":\"https:\/\/ohal.vn\/wp-content\/uploads\/2021\/06\/HDMUA-1024x388.png\",\"contentUrl\":\"https:\/\/ohal.vn\/wp-content\/uploads\/2021\/06\/HDMUA-1024x388.png\"},{\"@type\":\"BreadcrumbList\",\"@id\":\"https:\/\/commerce.ohal.vn\/index.php\/chinh-sach\/dat-hang\/#breadcrumb\",\"itemListElement\":[{\"@type\":\"ListItem\",\"position\":1,\"name\":\"Trang ch\u1ee7\",\"item\":\"https:\/\/commerce.ohal.vn\/\"},{\"@type\":\"ListItem\",\"position\":2,\"name\":\"Ch\u00ednh s\u00e1ch\",\"item\":\"https:\/\/commerce.ohal.vn\/index.php\/chinh-sach\/\"},{\"@type\":\"ListItem\",\"position\":3,\"name\":\"\u0110\u1eb7t h\u00e0ng\"}]},{\"@type\":\"WebSite\",\"@id\":\"https:\/\/commerce.ohal.vn\/#website\",\"url\":\"https:\/\/commerce.ohal.vn\/\",\"name\":\"OHAL\",\"description\":\"S\u1ed1ng kh\u1ecfe c\u00f9ng OHAL\",\"publisher\":{\"@id\":\"https:\/\/commerce.ohal.vn\/#organization\"},\"potentialAction\":[{\"@type\":\"SearchAction\",\"target\":{\"@type\":\"EntryPoint\",\"urlTemplate\":\"https:\/\/commerce.ohal.vn\/?s={search_term_string}\"},\"query-input\":{\"@type\":\"PropertyValueSpecification\",\"valueRequired\":true,\"valueName\":\"search_term_string\"}}],\"inLanguage\":\"vi\"},{\"@type\":\"Organization\",\"@id\":\"https:\/\/commerce.ohal.vn\/#organization\",\"name\":\"OHAL\",\"url\":\"https:\/\/commerce.ohal.vn\/\",\"logo\":{\"@type\":\"ImageObject\",\"inLanguage\":\"vi\",\"@id\":\"https:\/\/commerce.ohal.vn\/#\/schema\/logo\/image\/\",\"url\":\"https:\/\/commerce.ohal.vn\/wp-content\/uploads\/2022\/05\/cropped-ohal-2-2.png\",\"contentUrl\":\"https:\/\/commerce.ohal.vn\/wp-content\/uploads\/2022\/05\/cropped-ohal-2-2.png\",\"width\":366,\"height\":143,\"caption\":\"OHAL\"},\"image\":{\"@id\":\"https:\/\/commerce.ohal.vn\/#\/schema\/logo\/image\/\"}}]}<\/script>\n<!-- \/ Yoast SEO plugin. -->","yoast_head_json":{"title":"\u0110\u1eb7t h\u00e0ng - OHAL","robots":{"index":"index","follow":"follow","max-snippet":"max-snippet:-1","max-image-preview":"max-image-preview:large","max-video-preview":"max-video-preview:-1"},"canonical":"https:\/\/commerce.ohal.vn\/index.php\/chinh-sach\/dat-hang\/","og_locale":"vi_VN","og_type":"article","og_title":"\u0110\u1eb7t h\u00e0ng - OHAL","og_description":"H\u01b0\u1edbng d\u1eabn mua h\u00e0ng Mua tr\u1ef1c ti\u1ebfp Qu\u00fd kh\u00e1ch c\u00f3 th\u1ec3 \u0111\u1ebfn tr\u1ef1c ti\u1ebfp showroom c\u1ee7a ch\u00fang t\u00f4i. \u0110\u1ecba ch\u1ec9 s\u1ed1 s\u1ed1 13 \u0111\u01b0\u1eddng T\u00f4 V\u0129nh Di\u1ec7n, khu ph\u1ed1 7, t\u1ed5 52, ph\u01b0\u1eddng Hi\u1ec7p Th\u00e0nh, TP Th\u1ee7 D\u1ea7u M\u1ed9t, B\u00ecnh D\u01b0\u01a1ng, Vi\u1ec7t Nam \u0111\u1ec3 tham quan v\u00e0 mua h\u00e0ng tr\u1ef1c ti\u1ebfp. Mua h\u00e0ng online Qu\u00fd [&hellip;]","og_url":"https:\/\/commerce.ohal.vn\/index.php\/chinh-sach\/dat-hang\/","og_site_name":"OHAL","article_modified_time":"2025-10-23T08:44:42+00:00","twitter_card":"summary_large_image","twitter_misc":{"\u01af\u1edbc t\u00ednh th\u1eddi gian \u0111\u1ecdc":"4 ph\u00fat"},"schema":{"@context":"https:\/\/schema.org","@graph":[{"@type":"WebPage","@id":"https:\/\/commerce.ohal.vn\/index.php\/chinh-sach\/dat-hang\/","url":"https:\/\/commerce.ohal.vn\/index.php\/chinh-sach\/dat-hang\/","name":"\u0110\u1eb7t h\u00e0ng - OHAL","isPartOf":{"@id":"https:\/\/commerce.ohal.vn\/#website"},"primaryImageOfPage":{"@id":"https:\/\/commerce.ohal.vn\/index.php\/chinh-sach\/dat-hang\/#primaryimage"},"image":{"@id":"https:\/\/commerce.ohal.vn\/index.php\/chinh-sach\/dat-hang\/#primaryimage"},"thumbnailUrl":"https:\/\/ohal.vn\/wp-content\/uploads\/2021\/06\/HDMUA-1024x388.png","datePublished":"2022-05-27T03:59:33+00:00","dateModified":"2025-10-23T08:44:42+00:00","breadcrumb":{"@id":"https:\/\/commerce.ohal.vn\/index.php\/chinh-sach\/dat-hang\/#breadcrumb"},"inLanguage":"vi","potentialAction":[{"@type":"ReadAction","target":["https:\/\/commerce.ohal.vn\/index.php\/chinh-sach\/dat-hang\/"]}]},{"@type":"ImageObject","inLanguage":"vi","@id":"https:\/\/commerce.ohal.vn\/index.php\/chinh-sach\/dat-hang\/#primaryimage","url":"https:\/\/ohal.vn\/wp-content\/uploads\/2021\/06\/HDMUA-1024x388.png","contentUrl":"https:\/\/ohal.vn\/wp-content\/uploads\/2021\/06\/HDMUA-1024x388.png"},{"@type":"BreadcrumbList","@id":"https:\/\/commerce.ohal.vn\/index.php\/chinh-sach\/dat-hang\/#breadcrumb","itemListElement":[{"@type":"ListItem","position":1,"name":"Trang ch\u1ee7","item":"https:\/\/commerce.ohal.vn\/"},{"@type":"ListItem","position":2,"name":"Ch\u00ednh s\u00e1ch","item":"https:\/\/commerce.ohal.vn\/index.php\/chinh-sach\/"},{"@type":"ListItem","position":3,"name":"\u0110\u1eb7t h\u00e0ng"}]},{"@type":"WebSite","@id":"https:\/\/commerce.ohal.vn\/#website","url":"https:\/\/commerce.ohal.vn\/","name":"OHAL","description":"S\u1ed1ng kh\u1ecfe c\u00f9ng OHAL","publisher":{"@id":"https:\/\/commerce.ohal.vn\/#organization"},"potentialAction":[{"@type":"SearchAction","target":{"@type":"EntryPoint","urlTemplate":"https:\/\/commerce.ohal.vn\/?s={search_term_string}"},"query-input":{"@type":"PropertyValueSpecification","valueRequired":true,"valueName":"search_term_string"}}],"inLanguage":"vi"},{"@type":"Organization","@id":"https:\/\/commerce.ohal.vn\/#organization","name":"OHAL","url":"https:\/\/commerce.ohal.vn\/","logo":{"@type":"ImageObject","inLanguage":"vi","@id":"https:\/\/commerce.ohal.vn\/#\/schema\/logo\/image\/","url":"https:\/\/commerce.ohal.vn\/wp-content\/uploads\/2022\/05\/cropped-ohal-2-2.png","contentUrl":"https:\/\/commerce.ohal.vn\/wp-content\/uploads\/2022\/05\/cropped-ohal-2-2.png","width":366,"height":143,"caption":"OHAL"},"image":{"@id":"https:\/\/commerce.ohal.vn\/#\/schema\/logo\/image\/"}}]}},"jetpack_sharing_enabled":true,"_links":{"self":[{"href":"https:\/\/commerce.ohal.vn\/index.php\/wp-json\/wp\/v2\/pages\/32","targetHints":{"allow":["GET"]}}],"collection":[{"href":"https:\/\/commerce.ohal.vn\/index.php\/wp-json\/wp\/v2\/pages"}],"about":[{"href":"https:\/\/commerce.ohal.vn\/index.php\/wp-json\/wp\/v2\/types\/page"}],"author":[{"embeddable":true,"href":"https:\/\/commerce.ohal.vn\/index.php\/wp-json\/wp\/v2\/users\/1"}],"replies":[{"embeddable":true,"href":"https:\/\/commerce.ohal.vn\/index.php\/wp-json\/wp\/v2\/comments?post=32"}],"version-history":[{"count":3,"href":"https:\/\/commerce.ohal.vn\/index.php\/wp-json\/wp\/v2\/pages\/32\/revisions"}],"predecessor-version":[{"id":642,"href":"https:\/\/commerce.ohal.vn\/index.php\/wp-json\/wp\/v2\/pages\/32\/revisions\/642"}],"up":[{"embeddable":true,"href":"https:\/\/commerce.ohal.vn\/index.php\/wp-json\/wp\/v2\/pages\/31"}],"wp:attachment":[{"href":"https:\/\/commerce.ohal.vn\/index.php\/wp-json\/wp\/v2\/media?parent=32"}],"curies":[{"name":"wp","href":"https:\/\/api.w.org\/{rel}","templated":true}]}}